 the prime factors of m.
2
Let q = 42 - -15. What are the prime factors of q?
3, 19
Let k = 3 - 12. Let j = -5 - k. Suppose 1 = -j*v + 13. List the prime factors of v.
3
Let f = -15 - -43. What are the prime factors of f?
2, 7
Let q be 2/(-5) + (-17)/(-5). What are the prime factors of (-2 - 16)/(-4 + q)?
2, 3
Suppose 5*z = -7*z + 840. What are the prime factors of z?
2, 5, 7
Let g(s) = s - 3. Let q be g(3). Suppose -4*o + i - 2*i + 45 = q, 5*i + 6 = o. What are the prime factors of o?
11
Let t(d) = -5*d**2 + 12*d + 4. Let f be t(3). Let k = 0 - 5. What are the prime factors of (-1)/k + (-74)/f?
3, 5
Let s be (0 - 2) + 3 + 1. List the prime factors of s + -2 + -3 + 35.
2
Suppose -4*h = -2*j + 248, 5*j - 2*h - 405 = 199. List the prime factors of j.
2, 3, 5
Let t = 205 + -112. List the prime factors of t.
3, 31
Let r(m) = 4*m**3 + 2*m**2 + 12*m - 8. Let h(j) = -j**3 + j**2 - j. Let n(l) = -5*h(l) - r(l). List the prime factors of n(8).
2
Let r = 123 - 79. What are the prime factors of r?
2, 11
Let o = -7 - -3. Let m = 6 + o. Let a = 9 + m. What are the prime factors of a?
11
Suppose -v + 3 - 1 = 0. Suppose 2*q + v*q = 104. What are the prime factors of q?
2, 13
Let j be (16/(-8))/(1/9). List the prime factors of (-2)/4*-6 - j.
3, 7
Let y(p) = p + 1. Let g be y(0). Suppose f + 3*f + 2*s = -12, s = 5*f + g. Let b(h) = h**2 + 1. What are the prime factors of b(f)?
2
Suppose 4*z - 5*z = 0. Suppose -3*v + 18 = -z*v. Suppose -f - 13 = -5*c, -3*f = -0 - v. What are the prime factors of c?
3
Let l be (-4)/(-14) + 12/7. Let d be (l - 17)/(9/6). List the prime factors of (4/(-6))/(d/255).
17
Suppose -3*n - 2*c + 117 = -12, -2*n - 5*c + 86 = 0. What are the prime factors of n?
43
Let q(g) = 5*g - 5. Let u be q(5). Suppose -u - 15 = -5*m. What are the prime factors of m?
7
Let a = 3 + 2. Suppose 0*x = a*x - 15. Suppose l = y + 3*y - 21, -x*y = 4*l - 11. List the prime factors of y.
5
Let n(h) = h**2 - 5 - h**3 - h + h**2 - h**2 + 1. Let g be n(0). Let p = 6 + g. List the prime factors of p.
2
Let y = -299 + 426. What are the prime factors of y?
127
Let p(r) = -17*r + 2. What are the prime factors of p(-4)?
2, 5, 7
Let p be 1*(-5 + (-6)/(-3)). Let h(x) = 2*x + 3. Let v be h(3). List the prime factors of p*(-3)/v + 10.
11
Let y be 3/2 - 856/(-16). Suppose 3*g - y = -v - v, 5*g = -5. List the prime factors of v.
29
Let h(a) = -2*a + 3. What are the prime factors of h(-15)?
3, 11
Let o = -7 + 8. Let x(m) = 8*m**2 + m - 1. List the prime factors of x(o).
2
Suppose 0 = c + 4*c - 720. What are the prime factors of c?
2, 3
Let w(c) = -1 - c - 5*c + c. Let d be w(-1). Suppose 5*g - 61 = -2*q - 16, 0 = -d*q. What are the prime factors of g?
3
Suppose -8*m + 215 + 553 = 0. List the prime factors of m.
2, 3
Suppose -2*k + 7 = -19. What are the prime factors of k?
13
Let z(y) = 3*y**2 + y - 7. List the prime factors of z(3).
23
Suppose f + f - 5*i - 112 = 0, f + i = 42. List the prime factors of f.
2, 23
Suppose 0 = -8*w + 3*w - c - 73, 76 = -5*w - 2*c. Suppose -60 = 4*j - j. Let z = w - j. What are the prime factors of z?
2, 3
Let c(r) = 4*r + 17. List the prime factors of c(11).
61
Let s(h) = h**2 - 2*h - 5. Let y = -49 - -29. Let r be (-9)/(-6)*y/(-6). List the prime factors of s(r).
2, 5
Let t(m) = m**2 - m - 1. Let n be t(-2). Suppose n*i - 132 = 158. What are the prime factors of i?
2, 29
Let k(o) = 3*o**2 + 1. Let p be k(1). Let g = p - 1. What are the prime factors of g?
3
Let z be -1 - (-8 - (0 + -4)). Suppose -p - z*p = -220. What are the prime factors of p?
5, 11
Suppose -5*v = -2*m - 1 - 1, 2*v + 8 = 3*m. Suppose 3 = 3*i, m*i + 2 = 3*g - g. Suppose 5*t + 20 = 3*f, t = -g*f + 4*t + 24. What are the prime factors of f?
2, 5
Let m = 73 + -42. Suppose 0 = -5*i + m + 79. List the prime factors of i.
2, 11
Suppose w + 7*j - 27 = 3*j, -2*j = 6. What are the prime factors of w?
3, 13
Let k(f) = 9*f - 1. Let l be k(-1). Let j be (-5)/(-25) - (-92)/l. What are the prime factors of ((-30)/j)/((-4)/(-6))?
5
Let c be -5 - -2 - -2 - 19. Let v = c - -36. List the prime factors of v.
2
Suppose 5*t - 129 = 2*q - 6*q, -3*t = 5*q - 158. List the prime factors of q.
31
Suppose 36 = -5*u - 19. Let p(o) = -o**2 - 12*o + 6. List the prime factors of p(u).
17
Let n(j) = j**3 + 8*j**2 + 8*j. Let d be n(-6). Let f = d - 13. List the prime factors of f.
11
Let l(x) = 2*x. Let h be l(-6). Let d = -22 - -31. What are the prime factors of (-6)/d*h + 0?
2
Let x(v) = 2*v**2 + 2*v - 1. Suppose 3*i = 2*i + 16. Suppose -5*u - i = -u. List the prime factors of x(u).
23
Let j(d) = d**2 + 2*d - 3. Let g be j(-3). Suppose i + i - 60 = g. What are the prime factors of i?
2, 3, 5
What are the prime factors of (-3)/(-2)*46/3?
23
Suppose p + 40 = 6*p. Suppose 0 = 5*w - 52 - p. Let v = w - -1. List the prime factors of v.
13
Let f(b) = 2*b + 49. Let x(t) = t + 24. Let s(r) = -6*f(r) + 13*x(r). Suppose 0*v = v. List the prime factors of s(v).
2, 3
Let v = -20 - -67. What are the prime factors of v?
47
Let s(z) = -z + 3. Let n be s(0). Suppose -2*v = n*v - 70. List the prime factors of v.
2, 7
Let d = 41 - 8. List the prime factors of d.
3, 11
What are the prime factors of 6/8 + 707/28?
2, 13
What are the prime factors of 43 + 2*(-3 - -4)?
3, 5
Let g be (-6)/(-9) - (-16)/(-6). Let a(n) = -7*n. List the prime factors of a(g).
2, 7
Suppose 4*d - d - 60 = 0. List the prime factors of d.
2, 5
Let g be -12*(3 + (-5)/2). Let b(z) = -z**2 - 7*z - 4. What are the prime factors of b(g)?
2
Let b(i) = -7*i**2 + 4 + 0*i**3 + 8*i + i**3 - 4 + 6. What are the prime factors of b(6)?
2, 3
Let p = 37 + 74. List the prime factors of p.
3, 37
Let u(d) = -d + 2. Let r be u(-6). Suppose 0 = -0*c - 2*c + r. What are the prime factors of c?
2
Let h be 2/2 - 2 - 0. Suppose 4*b - 10 + 2 = 4*y, 0 = y. List the prime factors of -19*(h - (-2 + b)).
19
Suppose 2*r - n - 381 = 0, -5*r + 8*n + 960 = 3*n. What are the prime factors of r?
3, 7
Let m(a) = -a**2 + 1 + 4*a - 1 - 5*a - 1 - 2*a**3. What are the prime factors of m(-2)?
13
Suppose -5*h + 10 = -3*h. Suppose -h = -4*o + 5*n, n = -3*o + 2*n + 12. List the prime factors of o.
5
Let o be (-1)/(-2) + 18/4. Suppose -h - 5 = -19. Suppose o = -i + h. What are the prime factors of i?
3
Let p = 44 - 30. Let d = p + -9. List the prime factors of d.
5
Let w be -18*(0 - 3)/6. Let m(f) = f**2 - 10*f + 9. Let s(z) = -z**2 + 10*z - 8. Let h(a) = 4*m(a) + 3*s(a). What are the prime factors of h(w)?
3
Let w = -15 + 20. Suppose 4*a + 137 = 2*m + 3*m, 2*m - w*a - 48 = 0. List the prime factors of m.
29
Suppose -13 = 3*j + 4*w - 74, 8 = 2*w. What are the prime factors of j?
3, 5
Let t = -10 - -17. Suppose -t*y + 68 = -3*y. What are the prime factors of y?
17
Suppose -3 = -3*b - 0*b. Suppose -2*h = 5 - b. List the prime factors of (h - -1)/((-2)/14).
7
Suppose 3*a = -4*u, 6*u - 3*a + 24 = 2*u. What are the prime factors of 12/(-18) - 59/u?
19
Let s(g) = 2*g**2 - 12*g - 12. List the prime factors of s(9).
2, 3, 7
Suppose 3*u - 5*u + 3*x = -7, -5*u - x + 9 = 0. Suppose -24 = u*p + 2*p. Let b(z) = z**2 + 3*z - 2. What are the prime factors of b(p)?
2
Suppose 2*r = -r + 102. What are the prime factors of r?
2, 17
Let f(k) = k - 2. Let m be f(5). Suppose -z - 24 = -m*z. What are the prime factors of z?
2, 3
Suppose 3*p = -0*p + 132. What are the prime factors of p?
2, 11
Suppose 2*z = 4*z. Suppose z = -5*u + 83 - 28. What are the prime factors of u?
11
Suppose i = -4*i. Let g be (12/8)/((-3)/(-4)). Suppose f + i = g. List the prime factors of f.
2
Suppose 3*c + 2*a - 21 = 0, 0 = -3*c + 5*c - 5*a - 14. Let y = 9 - c. Suppose 5*z - 43 = 2*h, 12 = y*h - 5*h. List the prime factors of z.
7
Let q = 1159 + -800. What are the prime factors of q?
359
Let c = 94 + -33. What are the prime factors of c?
61
Let k(z) = -z**3 + z**2 - 2*z - 16. Let p be k(0). Let y = p + 55. What are the prime factors of y?
3, 13
Let n(y) = 3*y + 3. Let v be n(5). Let x be (v/4)/((-18)/24). List the prime factors of (9/3)/((-9)/x).
2
Let d be ((-20)/15)/(1/(-3)). Suppose -9 = d*o + 11. Let h(n) = -2*n + 3. What are the prime factors of h(o)?
13
Suppose -3*y + 112 = 4*c - y, 5*c - 127 = 4*y. List the prime factors of c.
3
Let m(x) = x**3 + 8*x**2 + x - 1. Let f be m(-6). Let v = -32 + f. List the prime factors of v.
3, 11
Let k 